, what is 3 + d?
12
In base 6, what is -11 - 43?
-54
In base 10, what is -3 + 5041?
5038
In base 9, what is 247 - -2?
250
In base 2, what is -11 - 111110?
-1000001
In base 2, what is 100 + -1111?
-1011
In base 15, what is 10 - -5?
15
In base 6, what is -4 - 141?
-145
In base 12, what is -257a + 2?
-2578
In base 11, what is 7 - -7?
13
In base 4, what is 23 - -20?
103
In base 9, what is -445 + 3?
-442
In base 7, what is -1 + -125?
-126
In base 2, what is 0 - 1101000?
-1101000
In base 13, what is 8 - 2b?
-23
In base 2, what is -1 + 11101101?
11101100
In base 15, what is -39 + 1?
-38
In base 8, what is -4 + -47?
-53
In base 7, what is -13414 + 0?
-13414
In base 10, what is 15 + -39?
-24
In base 6, what is 13 - 112?
-55
In base 9, what is -8 + 8?
0
In base 15, what is 3 - -7e?
82
In base 16, what is 69 + -f?
5a
In base 13, what is 1 + -88?
-87
In base 3, what is 1212012 - -12?
1212101
In base 10, what is -19 - -433?
414
In base 8, what is -4 - 35?
-41
In base 11, what is -3 + -a1?
-a4
In base 8, what is 42 - 3?
37
In base 5, what is 1142 - 233?
404
In base 7, what is -46242 + 4?
-46235
In base 3, what is 1012102 + -2?
1012100
In base 5, what is -1 - 3322?
-3323
In base 15, what is 11 - 7a?
-69
In base 9, what is 28 + -51?
-22
In base 6, what is -2311 + -1?
-2312
In base 12, what is -113 - 4?
-117
In base 16, what is -4 + fd?
f9
In base 5, what is -1 - 14?
-20
In base 12, what is 1242 - -2?
1244
In base 2, what is 11100001011 + -11?
11100001000
In base 8, what is 34 - 12?
22
In base 14, what is 0 - -2d?
2d
In base 16, what is -121 - 2?
-123
In base 12, what is 1077 - -3?
107a
In base 14, what is 28b - 16?
275
In base 9, what is 15 + 47?
63
In base 4, what is 10013 + 10?
10023
In base 14, what is -2 - -109a?
1098
In base 16, what is -44 + b?
-39
In base 10, what is -24 + 8?
-16
In base 15, what is -9c + -3?
-a0
In base 9, what is 1500 - -2?
1502
In base 4, what is -10 + 22100?
22030
In base 10, what is -5 + -76?
-81
In base 15, what is 6e - 4?
6a
In base 15, what is 0 + -2cb?
-2cb
In base 6, what is 15 + -1143?
-1124
In base 4, what is 1 - -13032?
13033
In base 16, what is -e7 + -10?
-f7
In base 14, what is -2c + -c?
-3a
In base 14, what is -5 + -33?
-38
In base 3, what is 10 - -11?
21
In base 12, what is -2b - -b4?
85
In base 9, what is -1 + 372?
371
In base 10, what is -32 + -12?
-44
In base 13, what is 96 + 1?
97
In base 5, what is 0 + -11211?
-11211
In base 3, what is 0 + -1202?
-1202
In base 4, what is 3321 - -2?
3323
In base 14, what is -35b1 - 2?
-35b3
In base 9, what is -3 + 357?
354
In base 11, what is -1939 - -2?
-1937
In base 11, what is -11072 + -5?
-11077
In base 13, what is 5 - 108?
-103
In base 10, what is 14 + -1353?
-1339
In base 16, what is -18 - e?
-26
In base 9, what is 13 - 106?
-83
In base 12, what is 79 + -3?
76
In base 12, what is 6 - -69?
73
In base 5, what is 232330 + 0?
232330
In base 10, what is -31 + -4?
-35
In base 16, what is -76 - 0?
-76
In base 10, what is 6 + -97?
-91
In base 9, what is 516 - 2?
514
In base 16, what is -5 + -696?
-69b
In base 10, what is -20 - -41?
21
In base 7, what is -3615 + 3?
-3612
In base 15, what is 2 - e59?
-e57
In base 4, what is 21 + 0?
21
In base 3, what is -1011010011 + -2?
-1011010020
In base 13, what is 9b + -14?
87
In base 5, what is -113 + 4?
-104
In base 4, what is -302 - 30?
-332
In base 10, what is 0 - 1210?
-1210
In base 13, what is -2 - 2b96?
-2b98
In base 4, what is 13 + 10303?
10322
In base 15, what is 4 - 293?
-28e
In base 11, what is -85 - -152?
78
In base 16, what is 2 + -6?
-4
In base 2, what is 11 - -101110010100?
101110010111
In base 2, what is -10000110010100 + -101?
-10000110011001
In base 11, what is -449 - -5?
-444
In base 8, what is 5547 + 1?
5550
In base 6, what is -1004 - 5?
-1013
In base 9, what is -1 - 2?
-3
In base 15, what is 2b98 - 1?
2b97
In base 4, what is -13320 + -10?
-13330
In base 15, what is -162d - -6?
-1627
In base 15, what is -d - -63b?
62d
In base 2, what is 10010000 - 100?
10001100
In base 15, what is -250 - 1?
-251
In base 4, what is -3 - 132332?
-133001
In base 4, what is -13012 + -10?
-13022
In base 7, what is -4 + 20?
13
In base 16, what is -5 - -34?
2f
In base 10, what is 33 + 354?
387
In base 4, what is 11 + -1031?
-1020
In base 14, what is -3 - -101?
dc
In base 2, what is 1011001 + 10010?
1101011
In base 10, what is -565 - -2?
-563
In base 6, what is -31 - -52?
21
In base 10, what is 145 - 0?
145
In base 7, what is -5344 + 1?
-5343
In base 14, what is -18cc - -6?
-18c6
In base 12, what is 32a3 + 3?
32a6
In base 4, what is 2012 + 23?
2101
In base 15, what is -7 + 9e?
97
In base 15, what is 51 + -5c?
-b
In base 5, what is -11 - -231?
220
In base 3, what is -110021 - -11?
-110010
In base 11, what is 9 + -2411?
-2403
In base 9, what is 4 + -811?
-806
In base 11, what is 3429 - -3?
3431
In base 10, what is -47 - -7?
-40
In base 3, what is -1 - -2210001?
2210000
In base 11, what is 23 + -5?
19
In base 4, what is 0 + 321?
321
In base 11, what is 56 - -1?
57
In base 7, what is -40 - -12?
-25
In base 13, what is 502 + -1?
501
In base 8, what is -3 - 110?
-113
In base 3, what is -20 - -11000000?
10222210
In base 4, what is 2 - 133320?
-133312
In base 8, what is 33 + 52?
105
In base 5, what is 322 - -44?
421
In base 2, what is -110 + 1010010?
1001100
In base 4, what is 10 + -1133?
-1123
In base 10, what is -3 + 126?
123
In base 3, what is -10101011 + -11?
-10101022
In base 3, what is 0 - -111000?
111000
In base 2, what is -10 + -11110011?
-11110101
In base 5, what is -3 - 141?
-144
In base 7, what is 256 + -3?
253
In base 15, what is -15 - 8?
-1d
In base 2, what is -110011011 + -100?
-110011111
In base 12, what is 4bb4 - 5?
4bab
In base 16, what is e - -115?
123
In base 15, what is -2 + -14?
-16
In base 16, what is 34 - -8?
3c
In base 10, what is 0 - 1?
-1
In base 16, what is -134d + -3?
-1350
In base 8, what is 1 - 60?
-57
In base 5, what is -120 - -12?
-103
In base 7, what is 4 + -15325?
-15321
In base 5, what is -1 + 1220?
1214
In base 10, what is 0 - -3087?
3087
In base 12, what is -3 + -1209?
-1210
In base 9, what is 0 - 35?
-35
In base 16, what is 5 + 63?
68
In base 7, what is -20566 - -1?
-20565
In base 11, what is 9 + 1a?
28
In base 11, what is -3 - -161?
159
In base 13, what is -7 + 6?
-1
In base 13, what is -6 + 4?
-2
In base 2, what is -10000000000 - 11?
-10000000011
In base 16, what is 18e - -2?
190
In base 5, what is -44 - 130?
-224
In base 8, what is 346 - 4?
342
In base 6, what is -1420 + 0?
-1420
In base 6, what is 2 - 125?
-123
In base 3, what is -12000102 + 1?
-12000101
In base 8, what is 135302 - -1?
135303
In base 3, what is 121121 - -1?
121122
In base 13, what is -1 - c?
-10
In base 9, what is -5 - -2?
-3
In base 12, what is -17 + -538?
-553
In base 13, what is 0 - 1a5?
-1a5
In base 13, what is 306 - 1?
305
In base 11, what is 3 + 130?
133
In base 2, what is 101110111000 + -11?
101110110101
In base 12, what is -187b - 2?
-1881
In base 15, what is -3 - -97e?
97b
In base 14, what is 4 + -1b2?
-1ac
In base 10, what is 1 - 22?
-21
In base 12, what is -a3 - 0?
-a3
In base 13, what is 12 + 1b?
30
In base 15, what is 6 - -18?
1e
In base 5, what is -221 + 13?
-203
In base 2, what is 10 + 1001011010?
1001011100
In base 15, what is -4 - 31?
-35
In base 5, what is 0 - 21?
-21
In base 6, what is 4 + -441?
-433
In base 2, what is -10110000 + -10111?
-11000111
In base 9, what is -1 + -1658?
-1660
In base 13, what is 223 + -7?
219
In base 10, what is 15 - 30?
-15
In base 2, what is -11 - 1000000000000?
-1000000000011
In base 2, what is -11100 - 111111?
-1011011
In base 9, what is 6 + 0?
6
In base 6, what is 324302 - -4?
324310
In base 11, what is -843 - -1?
-842
In base 7, what is 514 - 11?
503
In base 2, what is -101100 - -101?
-100111
In base 11, what is -77 + -4?
-80
In base 8, what is 4 - -2560?
2564
In base 3, what is 1112 + 212?
2101
In base 5, what is 2 + 313?
320
In base 3, what is -110 + -22?
-202
In base 6, what is 115 - -112?
231
In base 10, what is 38 - -101?
139
In base 11, what is -12 + 2?
-10
In base 14, what is 182 + -3?
17d
In base 6, what is 1022 + -24?
554
In base 7, what is -6431 + -5?
-6436
In base 4, what is 1 + 2303?
2310
In base 9, what is -102 - 2?
-104
In base 15, what is -150 - -4?
-14b
In base 2, what is -1111100 